= 3*f**3 - 218*f**2 - 144*f + 238. Is k(79) a prime number?
True
Suppose -6*r + 2*r = -5*b - 789, 4*b - 584 = -3*r. Let v = r - 76. Let l = 461 - v. Is l a prime number?
False
Suppose -g + 5*s + 31528 = 0, 0 = -21*g + 19*g - s + 63045. Is g prime?
False
Let h(b) = -1191*b - 9. Let s be h(-6). Let i(y) = y**2 + y + 32. Let p be i(-26). Suppose -7*x + p + s = 0. Is x a composite number?
False
Let w = -4 - -9. Let g(p) = 53*p - 12. Let x(z) = 157*z - 35. Let a(k) = 13*g(k) - 4*x(k). Is a(w) composite?
True
Suppose 0 = -5*g + z + 481408, 119*g - 115*g - 5*z - 385097 = 0. Is g a composite number?
True
Let a(s) = 4794*s**2 - 21*s + 137. Is a(8) prime?
False
Let l be (-15 + 12 - (-171)/6)*-2448. Let j = l + 97853. Is j a composite number?
True
Is (-462294)/(-72) + (-3)/(-12) a composite number?
False
Let c = 77133 + -52852. Is c a prime number?
True
Suppose 2*l = -z + 10177, 4*z - 23291 = l + 17462. Suppose z = -12*b + 36311. Is b composite?
True
Is (922413/(-6))/(79/(-158)) a composite number?
False
Let f(a) = 667*a**2 + 19*a + 37. Is f(-9) prime?
False
Suppose 4*i + 1020 = -5*q + 3*q, -3*q - 2*i - 1514 = 0. Let k be 0 - (0 - 2 - 927). Let u = k + q. Is u composite?
True
Let v be (1 - 7)*(-2 - -5). Let u(h) be the third derivative of -h**6/120 - 19*h**5/60 - 5*h**4/6 + 41*h**3/6 - 33*h**2 - 13. Is u(v) a prime number?
False
Suppose 4*v - 310570 = -6*s + 3*s, 0 = 3*v + 3*s - 232926. Suppose -6*q + 10*q = v. Is q/56 + (-6)/(-16) prime?
True
Let g(p) be the second derivative of 19*p**4/6 - p**3/3 - 13*p**2 + 9*p + 3. Is g(-5) composite?
True
Let l(b) = b**2 + 7*b + 8. Let h be l(-6). Suppose -3*u = -2*u - h. Suppose x + 203 = u*x. Is x composite?
True
Let c = 108 - 103. Suppose 10*g - 4*k - 79 = c*g, 3*g - 46 = k. Is (-1858)/(-6)*45/g a prime number?
True
Let d = 56787 + -24514. Is d composite?
True
Suppose 420*j - 5*g = 423*j - 195011, 0 = 4*j + 4*g - 260004. Is j composite?
False
Let d be (-220)/(-6)*(-30)/25*3. Let x be 4/3*(d/8)/11. Is 2 + x/(-2 - 8192/(-4098)) prime?
False
Let h(g) = 8*g**2 + 39*g - 5. Let x be h(-5). Suppose -18*v + 16*v + 15526 = x. Is v a prime number?
False
Is 24/(-56) + 2032460/7 a prime number?
True
Suppose 2*t + 172 = -474. Let j = t - -66. Let p = 814 + j. Is p composite?
False
Is (4/24)/((-2)/(-8)) - (-58493265)/369 prime?
True
Let g = -449813 + 922726. Is g composite?
True
Let a(p) = 19*p**2 + 20*p**2 - 3 + 4 - 24*p**2. Let l be a(-1). Let i = 425 - l. Is i a prime number?
True
Suppose d + 3099 = -0*d + i, -4*d + 3*i = 12396. Let y = d + 5258. Is y a composite number?
True
Let a = 23 - 16. Suppose -h + 2799 = 4*x, a*x - 5*x - 5*h = 1427. Is x a prime number?
True
Let s(r) = 2*r**2 - 20*r + 1. Let a(k) = 3*k**2 - 21*k. Let b(m) = -3*a(m) + 4*s(m). Let p be b(-17). Suppose p*v - v = 3819. Is v a composite number?
True
Let j(n) be the third derivative of -347*n**6/24 - n**5/60 + n**4/24 + n**3/3 - n**2 - 2. Is j(-1) a composite number?
True
Suppose z + 7 - 16 = -5*n, 4*z = -4*n + 68. Suppose 2*v + 20*h - 4235 = z*h, -v = -5*h - 2134. Is v a prime number?
False
Suppose 2*a = 3*w - 9, 0*w - 4*w = -3*a - 11. Let u(s) = 419*s**2 - 11*s + 23. Is u(a) a prime number?
True
Let m = 23360 - -12539. Suppose -14*l = -m - 36999. Is l prime?
False
Suppose 55 - 154 = 9*v. Let b(n) = 98*n + 21. Let j(a) = -197*a - 41. Let s(l) = v*b(l) - 6*j(l). Is s(10) prime?
False
Suppose -31*o + 174 = -28*o. Is 31*(o - 30/6) a composite number?
True
Suppose -5*b = d - 7 + 8, -12 = -2*d - 3*b. Suppose 13*g = d*g + 1948. Is g a composite number?
False
Let t = -9 - -15. Suppose a + t*a = 0. Suppose 3*o + 461 - 4994 = a. Is o a composite number?
False
Suppose -7*c + 9*c + 5854037 = 9*c. Is c prime?
True
Suppose -q = -3*o + 65768, -2*o + 501*q - 499*q + 43844 = 0. Is o a composite number?
True
Let b = -64091 + 279142. Is b a composite number?
False
Let x(o) = -2*o**3 + 4*o - 2. Let v be x(3). Suppose -505 = -11*p + 12*p - 5*d, -496 = p - 2*d. Let n = v - p. Is n a composite number?
True
Let m be 1*-19 + 2 + 2. Let v(w) = -2*w**2 + 3*w. Let t be v(-1). Is (-1557)/m - t/(100/(-16)) prime?
True
Suppose y = 2*r - y - 8292, 2*y = -5*r + 20695. Let f = -2936 + r. Suppose h + 5*x = f - 169, 4*h - 4269 = 5*x. Is h prime?
True
Let i(g) = -g**3 + 4*g**2 + 3. Let p be i(4). Let h = 1781 - 480. Suppose p*t - 913 = -l, -t + 1422 = 3*l - h. Is l composite?
False
Let l(f) = 5644*f - 2513. Is l(45) a composite number?
False
Suppose -985*v = -992*v + 147035. Is v prime?
False
Suppose -4*z - a = -52868, -11*z + 6*z - 3*a = -66085. Is z composite?
False
Suppose 0 = -o + 3*o - 3*n - 62, -4*n + 20 = o. Suppose -o*b = -301495 - 92773. Is b a composite number?
False
Let x = -2104 - -4399. Suppose c + x = -2*c. Let b = 22 - c. Is b a prime number?
True
Let c = -3680739 + 5469502. Is c a composite number?
False
Let p = 474 - 20. Let h = 693 + p. Is h prime?
False
Let l = 9055 - -558. Let v = -6195 + l. Is v a prime number?
False
Suppose -5*v + 358892 = -m - 103640, 4*m = 5*v - 1850083. Is m/(-77) - 4/(-14) a composite number?
False
Let z be (-9)/(-3) + (0 - 0) - -1. Suppose 5*o + r = -r, -z*r = -o. Suppose g = -2*j + 639, -5*g - 4*j + o*j = -3183. Is g a prime number?
False
Let a(s) = s**2 - 15*s - 17. Let d be a(17). Suppose 456 = -5*l + d*l. Suppose -l*p + 3118 = -36*p. Is p composite?
False
Let x = 8863 - 3022. Suppose 11672 = 2*d - 3*c + 6*c, 0 = d - c - x. Is d composite?
False
Suppose -3*o - 35744 = o - 4*y, -2*o - 2*y - 17860 = 0. Let i = 2744 - o. Is i composite?
False
Let d be (3 + -2)/(7/3486*-3). Let x = d - -405. Is x prime?
True
Suppose -3310 = c - 6*c - r, -2*r + 653 = c. Suppose -c = -h + 226. Is h a composite number?
True
Suppose -2*s + 4*n + 7022 = 0, 2*s - 2*n - 2038 = 4994. Suppose -s - 3276 = -7*o. Is o composite?
False
Suppose -4*g - 61 = -f, -12 - 96 = -2*f + g. Suppose f = -4*v - 83. Let c = 44 + v. Is c a prime number?
False
Let j(f) = -f**2 + 43*f + 39. Let s be j(20). Suppose 6*v - s = -1813. Is (-74*v/12)/(10/20) prime?
False
Suppose 4*j = -j + 5*p + 157300, j - 31454 = 3*p. Is j a composite number?
True
Suppose 0 = -87*i + 58*i - 74*i + 11674123. Is i composite?
False
Is 192785 + (-27)/36*-24 composite?
True
Is 9/(-3)*16049308/(-276) a composite number?
True
Let n(k) = -23*k - 54. Let b be (3/15*5 - 0) + -32. Is n(b) composite?
False
Let l(k) = -k**3 + 45*k**2 - 42*k + 70. Let d be l(40). Suppose -8*o + d = -6362. Is o prime?
False
Let q(h) = 3873*h**2 - 113*h + 340. Let b(g) = 1936*g**2 - 56*g + 169. Let j(m) = 13*b(m) - 6*q(m). Is j(3) a composite number?
False
Let q(p) = 3*p**3 + 2*p**2 + 18*p + 27. Let s be q(-2). Let k = s - -832. Is k a composite number?
True
Let c = 1643 - -13. Let o = 2301 + c. Is o composite?
True
Suppose -2*v = 28*d - 23*d - 52377, d - 3*v - 10472 = 0. Suppose -2*x + 13968 = 4*p - 0*p, 3*p + x = d. Is p composite?
False
Suppose -8*s + 46 - 14 = 0. Suppose s*z + d = 8, 3*z - 3*d - 6 = -0*d. Let a(b) = 34*b**2 + b + 1. Is a(z) composite?
False
Suppose 3*p + 5*h = 360038, -4*h + 5021 = 3*p - 355016. Is p prime?
True
Let p be 0 - 2*(-156900 - (-35)/7). Is p/(-2)*(10 + 459/(-45)) composite?
False
Suppose 0 = -18*f - 4*f + 396. Let r(b) = -8*b + 23 + 21*b - 66. Is r(f) a composite number?
False
Let u(m) = 1199*m**2 + 23*m + 171. Is u(-5) prime?
False
Suppose 0 = 66*c - 49*c - 3497903. Is c a prime number?
True
Let c = -12 + 20. Let x = -18026 - -25361. Suppose r = -c*r + x. Is r a composite number?
True
Suppose -3*r + 4*n = -7, -54*r + 53*r - 3*n - 15 = 0. Is (r - (-2 + 1))*(-4869)/18 a composite number?
False
Is (-24)/(-27) + (-20656082)/(-18) composite?
False
Suppose -11 = 2*g - 15. Suppose -5051 = -g*b + 3*u, 508 + 9561 = 4*b + 5*u. Is b a prime number?
True
Let l = -114 - -118. Suppose 4*y - 2*u = -u + 3461, 5*y - 4324 = -u. Suppose -l*q + 3197 - y = 0. Is q composite?
True
Let u = -49 - -49. Suppose -4 = 4*c - u, -5*i + 146306 = 4*c. Is (i/(-7))/(-6) + (-4)/(-14) a composite number?
True
Let w = 422965 - 251106. Is w prime?
False
Let o = 39245 + -14747. Let r = -8683 + o. Is r prime?
False
Let o be (-51)/(-5) + 2/(-10). Suppose -3*v + 0*a + 4*a + 2 = 0, a = -v + o. Suppose v*l - 117 = 3*l. Is l prime?
False
Let x = 928 + 49. Is x a prime number?
True
Let q(c) = -980*c + 61. Suppose -5*h + 6*o = 4*o + 53, -4*o - 4 = 0. Is q